me factors of c?
3, 11, 23
Let z be 23/(-92) + 1322/8. Suppose -4*k + 231 = -z. What are the prime factors of k?
3, 11
Suppose -2*v - 3*u = -44491, 304*u - 302*u - 14 = 0. What are the prime factors of v?
5, 4447
Let g(l) = -4*l + 2. Let i(x) = -x - 4. Let d be i(-8). Suppose -11 = d*n - 3*n. What are the prime factors of g(n)?
2, 23
Let w(p) = p**2 + 4*p - 8. Let a be w(-8). Suppose -22*j + a*j = -2. List the prime factors of 23/(j/((-16)/4)).
2, 23
Let v be (-2)/(-8)*1 + 75/4. Suppose -v*m + 16*m - 10776 = 0. What are the prime factors of m/(-20) - 2*(-1)/5?
2, 3, 5
Suppose -43*d - 3*b = -45*d + 892, -2*b = 0. List the prime factors of d.
2, 223
Let k be (-56)/5*((-76)/3 + 71/213). Let c be (-2 - 10/(-4))*4. Suppose -2*j - c*r = 3*r - k, 3*j - r - 386 = 0. What are the prime factors of j?
2, 5, 13
Let b(u) = -u**2 - 10*u + 141. Let q(y) = y**2 + 11*y - 140. Let c(f) = 7*b(f) + 6*q(f). Suppose -6 + 1 = -21*a - 5. What are the prime factors of c(a)?
3, 7
Let i be (-1 - -2)*2003 + (7 - 2). What are the prime factors of 3 - (-15)/10*i/3?
19, 53
Let x be (-1 + 1)/1 + 2. Let z be (-187)/561 + (-14)/(-6). Suppose x*t = z*n - 3*t - 178, -8 = 4*t. List the prime factors of n.
2, 3, 7
Suppose 0 = -2*c - 77 + 329. What are the prime factors of 5*1*c*174/90?
2, 3, 7, 29
Let b(z) = z**3 + 11*z**2 + 2*z + 24. Let w be (-2)/(-4) - (-161)/(-14). Let h be b(w). List the prime factors of (-6)/(h/(-1)) - -235.
2, 7, 17
Suppose 12*f = 388 + 164. Let w = 604 - f. List the prime factors of w.
2, 3, 31
Let i(u) = 4*u**3 + 23*u**2 + 29*u + 22. Let t(c) = -5*c**3 - 24*c**2 - 29*c - 23. Let l(b) = 4*i(b) + 3*t(b). What are the prime factors of l(-17)?
3, 131
Let j(a) = 19*a - 9. Let z be j(6). Let x = -103 + z. Suppose 2*m + 3*t = 301, -m = -x*m + 5*t + 170. What are the prime factors of m?
5, 31
Suppose t + 73486 = 6*s - 320025, t + 7 = 0. List the prime factors of s.
2, 4099
Let g(q) = -2*q - 10. Let p be g(-9). Suppose 2508 = 2*f - 10*x + p*x, 0 = 5*f - 3*x - 6266. What are the prime factors of f?
2, 313
Let f be -4 + 0 + (-7 - -14774). Suppose -3*w = -24*w + f. What are the prime factors of w?
19, 37
Let p = 5504 - 4136. List the prime factors of p.
2, 3, 19
Suppose 117540 = 76886*q - 76877*q. What are the prime factors of q?
2, 5, 653
Let u = -314 + 318. Suppose 0*m + 17 = 2*m + 5*l, -u*l = -4. List the prime factors of m.
2, 3
Suppose 141*b + 12 = 145*b. List the prime factors of b/(-2) + (-8)/((-64)/7060).
881
Suppose -3*j - j - 2*g + 16118 = 0, 4*j = -5*g + 16109. What are the prime factors of j?
29, 139
Let d(b) = -6*b**2 - 24*b + 23. Let s be d(-20). Let u = s - -2794. List the prime factors of u.
3, 13, 23
Suppose -8*b = 3635 + 3245. What are the prime factors of b/(-6) + 75/(-9) + 8?
11, 13
Suppose 0 = -4*h - 5*m + 59574, -4 + 16 = -2*m. What are the prime factors of h?
3, 4967
Suppose 3*a = 4*p + 35332, a + p - 4890 = 6899. What are the prime factors of a?
2, 3, 491
Suppose 0 = 2*p - 10, 2*y - 5*p = y - 26. List the prime factors of (5 + (-13 - -7))/(y/149).
149
Let m = 903 - 43. What are the prime factors of m?
2, 5, 43
Let b(y) = 630*y + 5. Let u be b(3). Suppose 4*a = 1505 + u. List the prime factors of a.
2, 5, 17
Let p(a) = -a**3 + 18*a**2 - a - 32. Let n(m) be the second derivative of m**2/2 + 7*m. Let h(k) = -6*n(k) - p(k). What are the prime factors of h(18)?
2, 11
What are the prime factors of (4/(-2 + (-72)/(-40)))/(4/(-1666))?
2, 5, 7, 17
Let a(f) = 19*f - 137. Let t be (-3)/(9/93*(-1 - 0)). What are the prime factors of a(t)?
2, 113
Suppose -16 = 2*o + 2*b + b, 27 = -5*o - b. Let k(y) = 5*y + 15. Let i be k(o). Let c(a) = -4*a + 11. List the prime factors of c(i).
3, 17
Let s(x) = 119*x + 250. Let o be s(-7). Let y = o + 864. List the prime factors of y.
281
Suppose -28*s = -54*s + 13*s + 224094. What are the prime factors of s?
2, 3, 13, 17
What are the prime factors of 6475 + (-63)/(15 + -6)?
2, 3, 7, 11
Suppose 79*v - 75053 = -12643. Let j = -19 - -31. Suppose -j*x + 7*x = -v. What are the prime factors of x?
2, 79
Let r(x) = -x**2 + 14*x - 9. Let l be r(13). Suppose 0 = -0*z + 5*z - 20. Suppose -l*q + 59 + 53 = -z*w, 4*q + 5*w - 94 = 0. What are the prime factors of q?
2, 13
Let i = 22782 + -15987. List the prime factors of i.
3, 5, 151
Let i(u) = u**3 + 10*u**2 - 25*u - 7. Let k be i(-12). Let x be (-460)/(-6) + (15/9)/k. Let y = 225 - x. List the prime factors of y.
2, 37
Suppose 3*m = -u + 2*u - 36, 4*u + 48 = -4*m. Let g = -93 + 153. Let h = g + m. List the prime factors of h.
2, 3
Suppose -2*j + 5*j + m = 6799, -j = 3*m - 2277. List the prime factors of j.
3, 5, 151
Let o = 86 + -109. Let m = o - -259. Let f = m + -159. What are the prime factors of f?
7, 11
List the prime factors of 14 + -4 + 224/(-14) + 5806.
2, 5, 29
Let f be (81/(-45))/((-3)/20). Let i = 19 - f. Suppose 4*d = i*d - 9. What are the prime factors of d?
3
Suppose -4*u = 4*o - 3920, 3*o - 952 = -5*u + 1980. What are the prime factors of o?
2, 3, 41
Let v(g) = -13*g**2 + 27*g + 11. Let b(o) = 2*o**2 - 5*o. Let h(j) = 8*b(j) + v(j). Suppose m = 9 - 1. What are the prime factors of h(m)?
3, 11
Let p be 6/(-21) + 1536/(-14). Let j = -1152 + 1334. Let b = p + j. List the prime factors of b.
2, 3
Let j(r) = 737*r**3 + 3*r**2 - 2*r - 2. Let y be j(1). Let n = 1228 - y. What are the prime factors of n?
2, 3, 41
Let g be (-2)/5*(-60)/6. Suppose 0 = -g*l - 4*l + 2152. List the prime factors of l.
269
Let l = 4206 + -1618. What are the prime factors of l?
2, 647
Let j(p) be the third derivative of -67*p**4/4 - p**3 + 128*p**2. What are the prime factors of j(-1)?
2, 3, 11
Suppose -5*q - 4144 = -j, 7*j - 6*j = -3*q + 4176. List the prime factors of j.
2, 3, 347
Suppose 64*m + 314135 - 1132887 = 0. List the prime factors of m.
11, 1163
Suppose -7752 = 14*u - 22*u. Suppose -13*o - 3*m = -8*o - 4779, -u = -o - 5*m. List the prime factors of o.
2, 3, 53
Let f(p) = 160*p - 75. Let x(h) = 53*h - 25. Let i(t) = -2*f(t) + 7*x(t). What are the prime factors of i(9)?
2, 7, 31
Suppose 1199 = 5*l + f + 3470, -4*l = 3*f + 1808. Let g = -36 - -23. What are the prime factors of (4/14)/(g/l)?
2, 5
Let d be 18*(2 + (-16)/9)*223. Suppose 5347 = 9*a + d. What are the prime factors of a?
3, 5, 11
Let s = 4850 - -684. What are the prime factors of s?
2, 2767
Let w be 12006/(-12) - 3/(-2). What are the prime factors of (0 + 3/(-9))/(1/w)?
3, 37
What are the prime factors of 8460 - ((11/(-11))/(1/5) - -6)?
11, 769
Let y(r) = -r**2 + 6. Let q be y(-4). Let i be (-16)/10*2/(-8)*q. Let g(l) = -14*l + 32. What are the prime factors of g(i)?
2, 11
Let y be (-3)/(-1)*(-286)/(-26). Suppose -4*l + 5*a = -31, -2*a - 7 = -5*l + 19. Suppose -86 = -2*s - 5*p, -s + y = l*p + p. List the prime factors of s.
53
Let k be 5 + (8/44 - (-251)/11). Suppose 5796 = -7*r + k*r. What are the prime factors of r?
2, 3, 23
Let t be (0 - 1668)/3 - -1. Let k = 1260 + t. List the prime factors of k/3 + (-4 - -3).
2, 3, 13
Let a(l) = 52*l - 2*l**2 - 2*l + 18 + 4*l**2 - 3*l**2. What are the prime factors of a(17)?
3, 193
List the prime factors of ((-815)/(-2))/((-18)/(-72)) + 7.
1637
Suppose 5*n = 3*n - 0*n. Suppose -28 = -n*u - 7*u. Suppose -x + 0*w - w + 46 = 0, -u*x - w + 172 = 0. What are the prime factors of x?
2, 3, 7
What are the prime factors of (-1717184)/(-392) + (-9)/(-7)*(-1)/(-3)?
13, 337
Let i be 52/91*(-14)/(-4). Suppose i*f = -4*f + 1692. What are the prime factors of f?
2, 3, 47
Let p(z) be the third derivative of 73*z**4/24 - 46*z**3/3 - 59*z**2. What are the prime factors of p(8)?
2, 3, 41
Let n(z) = 297*z**2 - 21*z - 81. Let p be n(-4). Suppose 48*a - 51*a = -p. List the prime factors of a.
5, 317
Let y(i) = -5659*i**3 + 7*i**2 - 13*i - 13. What are the prime factors of y(-1)?
2, 2833
Let o(i) = -4*i**2 + 27*i - 11. Let l be o(8). Let v = 73 + l. Suppose -3*h - v = -4*h. What are the prime factors of h?
2, 11
Let f(o) = o**3 + 13*o**2 - 35*o**2 - 18 + 7581*o - 7639*o. List the prime factors of f(25).
11, 37
Suppose -10*z - 14 = -8*z. Let d be (-354)/z*21/3. Suppose 28*h = 25*h + d. What are the prime factors of h?
2, 59
Let k be (-15 + 7)*-27*2/3. Suppose -f + 611 = -k. List the prime factors of f.
5, 151
Let y(w) = 1415*w - 2726. What are the prime factors of y(6)?
2, 11, 131
Let p(c) = -410*c + 5. Let q be